{"id":53,"date":"2023-07-03T12:28:04","date_gmt":"2023-07-03T15:28:04","guid":{"rendered":"https:\/\/ncp.org.br\/v1\/?page_id=53"},"modified":"2025-09-13T11:02:07","modified_gmt":"2025-09-13T14:02:07","slug":"boletins","status":"publish","type":"page","link":"https:\/\/ncp.org.br\/v1\/boletins\/","title":{"rendered":"Boletins"},"content":{"rendered":"<p><a href=\"https:\/\/ncp.org.br\/v1\/wp-content\/uploads\/2024\/07\/BOLETIM-NCP.-AMS-E-POSICIONAMENTO-SOBRE-DADOS-DO-INSS.pdf\">BOLETIM 001 -AMS E POSICIONAMENTO SOBRE DADOS DO INS\u00a0<\/a><\/p>\n<p><a href=\"https:\/\/ncp.org.br\/v1\/wp-content\/uploads\/2025\/05\/MANIFESTACAO-DOS-APOSENTADOS-PETROLEIROS-EM-BRASILIA.pdf\">BOLETIM 002 &#8211; MANIFESTA\u00c7\u00c3O DOS APOSENTADOS PETROLEIROS EM BRASILIA\u00a0<\/a><\/p>\n<p><a href=\"https:\/\/ncp.org.br\/v1\/wp-content\/uploads\/2025\/05\/Eleicoes-PETROS-2025-Posicionamento-do-NCP-.pdf\">BOLETIM 003 &#8211; POSI\u00c7\u00c3O DO NCP ELEI\u00c7\u00d5ES PETROS 2025<\/a><\/p>\n<p><a href=\"https:\/\/ncp.org.br\/v1\/wp-content\/uploads\/2025\/09\/BOLETIM-INFORMATIVO-ACAO-COLETIVA-PETROS-NCP.pdf\">BOLETIM 004 &#8211; INFORMATIVO SOBRE A A\u00c7\u00c3O COLETIVA DE RECOMPOSI\u00c7\u00c3O DO CUSTEIO PLANO PETROS\u00a0<\/a><\/p>\n","protected":false},"excerpt":{"rendered":"<p>BOLETIM 001 -AMS E POSICIONAMENTO SOBRE DADOS DO INS\u00a0 BOLETIM 002 &#8211; MANIFESTA\u00c7\u00c3O DOS APOSENTADOS PETROLEIROS EM BRASILIA\u00a0 BOLETIM 003 &#8211; POSI\u00c7\u00c3O DO NCP ELEI\u00c7\u00d5ES PETROS 2025 BOLETIM 004 &#8211; INFORMATIVO SOBRE A A\u00c7\u00c3O COLETIVA DE RECOMPOSI\u00c7\u00c3O DO CUSTEIO PLANO PETROS\u00a0 <a class=\"continue-reading-link\" href=\"https:\/\/ncp.org.br\/v1\/boletins\/\">Leia mais<\/a><\/p>\n","protected":false},"author":1,"featured_media":0,"parent":0,"menu_order":0,"comment_status":"closed","ping_status":"closed","template":"","meta":{"footnotes":""},"class_list":["post-53","page","type-page","status-publish","hentry"],"_links":{"self":[{"href":"https:\/\/ncp.org.br\/v1\/wp-json\/wp\/v2\/pages\/53","targetHints":{"allow":["GET"]}}],"collection":[{"href":"https:\/\/ncp.org.br\/v1\/wp-json\/wp\/v2\/pages"}],"about":[{"href":"https:\/\/ncp.org.br\/v1\/wp-json\/wp\/v2\/types\/page"}],"author":[{"embeddable":true,"href":"https:\/\/ncp.org.br\/v1\/wp-json\/wp\/v2\/users\/1"}],"replies":[{"embeddable":true,"href":"https:\/\/ncp.org.br\/v1\/wp-json\/wp\/v2\/comments?post=53"}],"version-history":[{"count":10,"href":"https:\/\/ncp.org.br\/v1\/wp-json\/wp\/v2\/pages\/53\/revisions"}],"predecessor-version":[{"id":139,"href":"https:\/\/ncp.org.br\/v1\/wp-json\/wp\/v2\/pages\/53\/revisions\/139"}],"wp:attachment":[{"href":"https:\/\/ncp.org.br\/v1\/wp-json\/wp\/v2\/media?parent=53"}],"curies":[{"name":"wp","href":"https:\/\/api.w.org\/{rel}","templated":true}]}}